 + w/15*-3 + 36?
32
Let k = -16 - -79. Suppose k*m - 55 = 64*m. Let j = m - -68. Calculate the remainder when 62 is divided by j.
10
Calculate the remainder when 0/(-11*(-8)/88) - (-514 - -1) is divided by 20.
13
Let d = -48 - -312. Suppose -d*t + 262*t + 30 = 0. Calculate the remainder when 59 is divided by t.
14
Suppose 6*t + t + 252 = 0. Let k = t + 38. Suppose -5*p + 2*w + 10 = -k*w, 2*p = w + 7. What is the remainder when 9 is divided by p?
3
Let h(c) = -c**2 + 4*c + 5. Let q be h(5). Suppose 0 = 16*y + 151 - 503. Suppose y = k - q. What is the remainder when k is divided by 6?
4
Let l = -45 + 43. Calculate the remainder when 89 is divided by (-975)/(-50) - (-1)/l.
13
Let w(s) = 21*s**2 + 4*s + 2. Suppose 5*v + 12*c - 254 = 13*c, -2*c = -4*v + 202. Let x = -15 + v. What is the remainder when x is divided by w(-1)?
17
Let x = -5 + 8. Suppose -40 = -x*z + 2*z. Suppose -8 = -4*p, -5*p + 95 = 4*q - 551. What is the remainder when q is divided by z?
39
Let q(c) = c**3 - 27*c**2 - 11*c - 5. Let s be q(27). Let g(b) = b - 4. Calculate the remainder when s/(-12) - 18/108 is divided by g(17).
12
Let z = -237 - -139. Let c = -69 - z. What is the remainder when 55 is divided by c?
26
Let y = -20 + -127. Let n = y + 183. Calculate the remainder when n is divided by 23.
13
Let u(z) = 570*z**2 + 8*z - 5 + 0 - 559*z**2 + z**3. Calculate the remainder when (-19)/((-6)/(-9) + -1) is divided by u(-10).
12
Let d = -9 - -11. Suppose 0*h - d*h = -20. Calculate the remainder when (h + 0)*-8*6/(-48) is divided by 3.
1
Suppose -4*c - 118 + 318 = 4*n, -2*c - 215 = -5*n. What is the remainder when 2112 is divided by n?
42
Suppose -668 = -3*q - q. Suppose 9*c = 10*c - 2. Suppose t + 3*a = c*t - 36, 0 = -5*t + 2*a + 206. What is the remainder when q is divided by t?
41
Suppose 8*f + 112 = 9*f. What is the remainder when f is divided by -87*(-2 + 4)*5/(-30)?
25
Suppose -8*g - 291 = 21. Let n = 36 + g. What is the remainder when 1*(45 - n) + -1 is divided by 16?
15
Calculate the remainder when 46*15 + 10/55*11 is divided by 637.
55
Suppose -o + u + 0*u + 4 = 0, 2*o - 8 = -3*u. Suppose 3*v + 2 = o*v. Calculate the remainder when 27 is divided by -1*(-4 + v - 5).
6
Let r = -65 - -77. Let j be r - (2/(-6))/(1/(-3)). Suppose -19 + j = -a. Calculate the remainder when 10 is divided by a.
2
Suppose 358 = -y - 3*x + 409, 3*y + x = 193. What is the remainder when 448 is divided by y?
52
Let g = -81 - -39. Let i be (36/g)/((-6)/28). Let u(w) = 2*w**3 - 3*w**2 - w + 6. What is the remainder when u(i) is divided by 29?
24
Let y be -2 - -5*10/2. Let w = -548 - -534. Let c = w + y. What is the remainder when 42 is divided by c?
6
Suppose -4*n = 77*n + 3*n - 24612. Calculate the remainder when n is divided by 66.
29
Suppose 55 = -o + 208. Calculate the remainder when o is divided by -10 - (49/4)/((-170)/680).
36
Let o = 1014 + -1002. Calculate the remainder when 46 is divided by o.
10
Let y(t) = -t**3 + 13*t**2 - 17*t - 8. Let h be y(11). Let z = h - 20. Calculate the remainder when 3*3/(-6)*(-2310)/45 is divided by z.
23
Suppose 1066 = 4*j + 2*q, q = j - 318 + 53. Suppose 55 = 3*l - h, -l - 3*h + 119 = 104. Calculate the remainder when j is divided by l.
14
Suppose 4*h = 22*h + 1800. Let m = h + 104. Suppose -m*c + 670 = 2*s + 3*s, -2*s - 2*c = -266. Calculate the remainder when s is divided by 28.
26
Let v = 184 - 204. Let i = v - -25. What is the remainder when 9 is divided by i?
4
Let p(n) = -4*n + 33. Let u(y) = 4*y - 146 - 83 + 17*y + 64. Let l(s) = -11*p(s) - 2*u(s). What is the remainder when 17 is divided by l(18)?
2
Let c = -420 - -455. Suppose 2*b + c = 181. Calculate the remainder when 279 is divided by b.
60
Suppose 4*z = -3*r + 7778, 5877 = 3*z - 3*r - 2*r. Calculate the remainder when z is divided by 30.
29
Let s(x) = -x**3 + 8*x**2 + 46*x + 35. Calculate the remainder when 217 is divided by s(12).
8
Let a = 174 + -170. Suppose h + 187 = a*m - 156, 3*m - 236 = 5*h. What is the remainder when m is divided by 44?
43
Suppose 4*x + 3*a - 14 = a, -x - 2 = -5*a. Suppose -2*k + 100 = -0*h + x*h, 0 = -4*h - 4*k + 132. Calculate the remainder when 237 is divided by h.
33
Let p = -108 - -110. Suppose p*d - 3*o = 174, -5*d + 103 = -3*o - 332. What is the remainder when d is divided by 178/12 - (-1)/6?
12
Let z = -34 - -36. Suppose z*a = -0*a. Suppose 5*s + 3*h = a, -h - 2*h - 15 = 0. What is the remainder when 7 is divided by s?
1
Let f be ((382 - 2) + 1)*(-4 - -3). Let j = f + 211. What is the remainder when 165 is divided by j/(-51)*(-84)/(-10)?
25
Let b(n) be the first derivative of 17*n**3/3 + 5*n**2/2 - 3*n + 2. What is the remainder when 297 is divided by b(2)?
72
Let a(y) = y**3 + 8*y**2 + 7*y - 3. Let n be a(-7). Let b be (-38)/3 + n*(-5)/(-45). Let k = b - -29. What is the remainder when 28 is divided by k?
12
Suppose -o + 184 = 3*o. Let s(r) = -14*r + 68. Let w be s(5). What is the remainder when o is divided by 1/w - (-98)/4?
22
Let i(z) be the first derivative of z**4/4 + 7*z**3 + 21*z**2/2 + 24*z - 3. Suppose -2*x - 12*x = 280. Calculate the remainder when 15 is divided by i(x).
3
Suppose -3*g + 5802 - 1826 = -5*f, -5*g + 6664 = f. Calculate the remainder when g is divided by 8.
4
Suppose 14 = 2*h + 4*f + 2, 2*f = 4*h - 34. Suppose 312 = -h*x + 21*x. Calculate the remainder when 27 is divided by -1*2*-3*x/18.
3
Let g = -503 + 1454. Calculate the remainder when g is divided by 32.
23
Let i be 90/(-2)*(-2)/5. Suppose 452*d - 432*d = 40. Suppose -d*g + 72 = -i. Calculate the remainder when g is divided by 12.
9
Let i(c) = 2216*c**2 - 135*c + 132. Calculate the remainder when i(1) is divided by 54.
53
Suppose 0 = c - 3*m + 260 - 353, -c + 99 = -5*m. Calculate the remainder when 203 is divided by c.
35
Let r = -9 - -22. What is the remainder when r is divided by (-2 - -2) + (-4)/(-10) + 342/95?
1
Let f be (-105)/2*(-48)/(-10). Let k = -183 - f. What is the remainder when k is divided by 9?
6
Let t = 664 - 1314. Let z = -381 - t. What is the remainder when z is divided by 45?
44
Suppose -5*i + 20 = -i. Suppose -3*k + 2*b - 2 = -2*k, -5*k + 4*b - 10 = 0. What is the remainder when i is divided by k*(22/(-4) + 1)/3?
2
Suppose -4594*u + 4616*u = 616. What is the remainder when 220 is divided by u?
24
Suppose -x = 4*k - 34, -44 = -x - 18*k + 19*k. Suppose 8*o = 3637 + 5075. What is the remainder when o is divided by x?
39
Suppose 4*t + 0*t - 1096 = 0. What is the remainder when t is divided by (-208)/26 + -7 - -84?
67
Let d = -7953 + 8308. What is the remainder when d is divided by 194?
161
Suppose 0 = 4*n + 32, 8*p - 128 = 4*p - 2*n. Calculate the remainder when 431 is divided by p.
35
Let b be -2*((-10438)/4)/17. Suppose 3*h - 5*h + 1650 = 5*g, 0 = g + 5*h - b. Calculate the remainder when g is divided by 68.
60
Let b = 4 + -4. Suppose 0 = -3*m + i + 73, -5*m + 4*i + 124 = -b*i. Suppose 0 = -m*h + 22*h + 12. What is the remainder when h is divided by 5?
1
Let f(v) = v**3 + 8*v**2 + 9*v - 1. Suppose 6 = -3*l - 15. Let i be f(l). Calculate the remainder when 80/6 + 5/i is divided by 6.
1
Suppose 624 + 7328 = 4002*s - 88096. Suppose -3*q = 5*k - k - 4788, 5*k - 5985 = -4*q. Calculate the remainder when k is divided by s.
21
Suppose -17*t - 7374 = -76190. Suppose -8*d + 31*d = t. What is the remainder when d is divided by 45?
41
Let z(t) = 23*t - 126. What is the remainder when z(11) is divided by ((-210)/(-75))/(2/25)?
22
Suppose -2*b + b + 2 = 0. Suppose -8*l + 18 = -b*l. Suppose -l*o = -4*o + 117. What is the remainder when o is divided by 20?
17
Suppose -246 = 2*z - 6*t + 3*t, -z + t = 125. Let o = 18 + z. Let k = 246 + o. Calculate the remainder when k is divided by 23.
20
Suppose 0 = -2*r - r - 5*v + 477, 2*r + 5*v = 313. Calculate the remainder when r is divided by (2 + 6/(-9))*(38115/(-28))/(-33).
54
Let q(u) = -5*u + 19. Let v be q(3). Suppose 2*o = o - 2*n + 14, v*o + n - 35 = 0. Calculate the remainder when 10 is divided by o.
2
Let r = -498 + 732. Suppose 5*u = 6*u - r. Suppose o - u = -5*o. What is the remainder when o is divided by 14?
11
Suppose -a + 1330 = 4*a. Suppose -g - 13*g = -a. Calculate the remainder when 71 is divided by g.
14
Let c(r) = -r**3 + 8*r**2 + 4*r - 28. What is the remainder when 28 is divided by c(8)?
0
Let k(d) = 2*d**2 + 29*d - 5. Ca